43*c + 87. What is f(-19)?
-103
Let g(v) = 27*v**2 - 815*v + 2945. What is g(26)?
7
Let o(h) = -1417*h - 406664. Calculate o(-287).
15
Let x(y) = 2950*y**2 + 23607*y + 58. Determine x(-8).
2
Let s(r) = -5768*r - 1211297. Give s(-210).
-17
Let l(h) = -h**3 - 43*h**2 - 10*h - 227. Calculate l(-43).
203
Let i(n) = 9993769*n + 19987544. Give i(-2).
6
Let b(j) = 9*j**2 - 701*j + 227. Calculate b(77).
-389
Let i(o) = 571*o + 8856. Give i(-16).
-280
Let x(j) = -134*j + 20738. Determine x(156).
-166
Let b(k) = -2*k**3 + 8*k**2 - 193*k - 746. Give b(-4).
282
Let d(s) = -s**3 - 17*s**2 + 578*s - 93. Determine d(17).
-93
Let l(a) = -6*a**2 + 51*a - 76. Determine l(9).
-103
Let v(g) = -g**3 + 23*g**2 - 91*g + 104. Give v(16).
440
Let c(i) = -657*i + 78173. Determine c(119).
-10
Let l(h) = -h**3 - h**2 - 185*h - 1577. Calculate l(-7).
12
Let y(d) = 3*d**2 - 176*d + 3271. Determine y(15).
1306
Let w(z) = -976*z + 17504. Give w(18).
-64
Let r(d) = 1920*d - 30893. Determine r(16).
-173
Let y(i) = i**3 + 613*i**2 + 4269*i + 300. Calculate y(-7).
111
Let b(d) = -173*d + 16821. Determine b(107).
-1690
Let y(m) = 4*m**2 + 25351*m - 355696. Determine y(14).
2
Let m(u) = 21*u + 2773. Determine m(-147).
-314
Let a(f) = f**3 + 59*f**2 + 277*f - 182. What is a(-54)?
-560
Let k(r) = -381*r + 5120. Determine k(12).
548
Let w(x) = 3*x**3 - 409*x**2 + 9078*x + 10989. Calculate w(108).
-27
Let p(l) = -4*l**2 + 106*l + 5075. Determine p(50).
375
Let h(j) = 336562*j + 2355953. Calculate h(-7).
19
Let l(y) = 10*y**2 - 168*y - 1988. What is l(-8)?
-4
Let z(x) = 10020*x - 60126. Calculate z(6).
-6
Let t(m) = -8*m**2 + 61*m - 92. Calculate t(7).
-57
Let z(u) = u**3 - 24*u**2 + 41*u - 843. Give z(24).
141
Let k(z) = 6882*z + 27568. Determine k(-4).
40
Let o(s) = -2*s**2 + 1110*s + 9031. What is o(-8)?
23
Let b(d) = -19*d**2 + 1112*d + 98. Calculate b(59).
-433
Let y(x) = -8*x + 4715. Calculate y(-184).
6187
Let z(q) = -q**2 + 818*q - 77283. Calculate z(109).
-2
Let w(a) = 15*a - 701. What is w(41)?
-86
Let w(x) = -5*x**2 - 64*x - 105. What is w(-13)?
-118
Let o(f) = -1866*f + 201520. Determine o(108).
-8
Let z(a) = -5*a**2 - 993708*a + 993708. Determine z(1).
-5
Let g(u) = -38175*u - 3741155. Determine g(-98).
-5
Let a(j) = -85608*j - 599152. Give a(-7).
104
Let c(n) = n**3 - 11*n**2 + 47*n - 964. Determine c(13).
-15
Let f(d) = -60*d**3 - 2332*d**2 + 309*d - 137. Calculate f(-39).
-20
Let n(j) = -131*j**2 - 19*j - 23. Calculate n(-1).
-135
Let a(y) = 2*y**3 - 279*y**2 - 422*y - 95. What is a(141)?
46
Let x(y) = -423*y**2 - 16498*y - 25. Give x(-39).
14
Let s(y) = -278*y**2 + 1054*y + 237. Calculate s(4).
5
Let v(g) = 1110*g**2 + 8858*g - 169. Calculate v(-8).
7
Let m(p) = 303746*p - 911204. What is m(3)?
34
Let k(a) = a**3 - 239*a**2 - 1157*a + 220053. What is k(240)?
-27
Let t(r) = r**3 + 2323*r**2 + 956585*r + 2665. What is t(-535)?
-10
Let n(k) = -3*k**2 - 220*k - 2044. Give n(-72).
-1756
Let b(c) = -1819*c - 214670. Give b(-118).
-28
Let u(p) = 2834*p + 11370. What is u(-4)?
34
Let w(x) = -x**3 - 215*x**2 + 135495*x + 5794. What is w(276)?
-2
Let a(h) = -170*h + 5429. Give a(29).
499
Let k(i) = -48513*i + 582160. Calculate k(12).
4
Let b(v) = 228*v**3 + 451*v**2 - 32*v - 39. Give b(-2).
5
Let g(k) = 5*k**3 - 217*k**2 - 212*k + 239. Calculate g(44).
-3281
Let b(f) = f**3 - 10*f**2 - 117*f + 820. Determine b(6).
-26
Let k(b) = 36813*b + 147321. What is k(-4)?
69
Let w(o) = 27745*o + 499346. Give w(-18).
-64
Let j(l) = l**2 + 2070*l - 60869. Give j(29).
2
Let r(t) = -t**2 + 1314*t + 65294. What is r(-48)?
-82
Let h(f) = -34*f**2 + 370*f - 915. Determine h(7).
9
Let w(f) = -6*f**2 - 1330*f - 623. Give w(-221).
261
Let g(h) = 25*h**2 + 1254*h + 3739. Give g(-3).
202
Let h(b) = 43*b**2 + b - 73. Determine h(0).
-73
Let h(j) = 225*j**2 + 2093*j + 2094. Give h(-1).
226
Let w(c) = -c**3 - 258*c**2 + 31351*c + 10743. Determine w(-348).
-45
Let z(m) = 16201*m - 388788. Calculate z(24).
36
Let u(x) = 81*x + 7246. Calculate u(-68).
1738
Let y(x) = 4*x**3 - 357*x**2 + 7644*x - 5991. Calculate y(55).
4
Let l(m) = 18*m**3 - 37*m**2 + 3*m + 11. What is l(2)?
13
Let i(g) = -496295*g - 2977768. Calculate i(-6).
2
Let n(z) = -1364*z - 85464. Give n(-61).
-2260
Let q(x) = -210*x**2 + 5242*x + 31. Give q(25).
-169
Let m(r) = -624*r + 117. Calculate m(3).
-1755
Let u(p) = -11*p**2 + 147*p - 127. Determine u(7).
363
Let p(q) = 90872*q + 90871. What is p(-1)?
-1
Let o(y) = 4*y**3 + 793*y**2 + 2280*y - 49730. Give o(-195).
-5
Let k(s) = 13*s**3 - 128*s**2 - 172*s + 24. Determine k(11).
-53
Let g(l) = 137*l - 37173. What is g(273)?
228
Let u(z) = 17089*z - 341785. Calculate u(20).
-5
Let p(u) = 559*u - 1398. Calculate p(2).
-280
Let t(p) = 16*p**2 + 416*p + 761. Calculate t(-2).
-7
Let u(z) = -2*z**3 + 60*z**2 + 371*z - 7779. Give u(32).
-3
Let l(j) = 416*j - 33373. Determine l(80).
-93
Let g(n) = 1295*n**2 + 247332*n - 2483. Calculate g(-191).
0
Let j(a) = -9589*a - 306789. Give j(-32).
59
Let h(x) = -1720*x - 17271. What is h(-10)?
-71
Let w(s) = -1872*s + 21040. Give w(11).
448
Let g(j) = -j**2 + 308*j + 17493. What is g(-49)?
0
Let q(j) = 2*j**2 + 6281*j - 132778. Give q(21).
5
Let d(z) = 2616*z + 1271402. What is d(-486)?
26
Let z(l) = 9746*l - 38886. Calculate z(4).
98
Let u(a) = -156*a + 3016. Give u(14).
832
Let w(x) = -x**2 + 278*x + 7243. Calculate w(302).
-5
Let l(m) = 264*m - 2380. Calculate l(8).
-268
Let o(a) = -2*a**3 - 26*a**2 + 312*a + 3574. Determine o(-11).
-342
Let z(h) = 14*h**3 - 278*h**2 - 21*h - 374. Calculate z(20).
6
Let y(t) = 2*t**2 - 4625*t - 13875. What is y(-3)?
18
Let r(p) = -7*p**3 - 2*p**2 - 50*p - 234. What is r(-5)?
841
Let z(p) = -2*p + 302. Calculate z(-3).
308
Let v(b) = -b**2 - 524*b + 63357. Calculate v(101).
232
Let r(a) = -28*a**2 - 1278*a - 344. Give r(-46).
-804
Let a(j) = -477*j - 6816. Give a(-14).
-138
Let g(b) = b**3 - 16*b**2 + 5*b + 15. Give g(8).
-457
Let h(v) = -16*v**2 - 568*v + 1716. Determine h(3).
-132
Let c(x) = -x**3 - 15*x**2 - 110*x - 593. Determine c(-11).
133
Let y(w) = 3*w**2 - 28*w - 1448. Determine y(-18).
28
Let z(u) = -4*u**2 - 287*u - 4956. Determine z(-43).
-11
Let o(q) = 61*q**2 + 4594*q + 1405. Give o(-75).
-20
Let l(w) = -1360*w - 954715. Calculate l(-702).
5
Let c(m) = 49957*m + 299864. What is c(-6)?
122
Let c(v) = 110*v**3 - 91*v**2 - 16*v + 7. Determine c(1).
10
Let g(o) = 2*o**3 + 228*o**2 + 676*o + 104196. Determine g(-115).
6
Let y(o) = -7637*o - 259664. What is y(-34)?
-6
Let i(a) = -2*a**3 - 28*a**2 - 113*a - 168. Determine i(-8).
-32
Let q(u) = -72*u**2 - 6311*u + 6307. What is q(1)?
-76
Let r(l) = 288*l - 31414. What is r(98)?
-3190
Let z(k) = -13*k**3 + 21*k**2 - 10*k - 12. Calculate z(-2).
196
Let f(c) = -36*c**2 - 237*c - 33. Calculate f(-13).
-3036
Let i(j) = 2052*j**2 + 6214*j + 52. Give i(-3).
-122
Let q(d) = -144*d**2 + 312*d - 28. Give q(2).
20
Let k(p) = 79*p - 4118. What is k(47)?
-405
Let z(t) = 1799*t + 409. Calculate z(-1).
-1390
Let b(u) = 72*u**3 - 202*u**2 + 52*u - 274. Give b(3).
8
Let v(t) = -4*t**3 - 401*t**2 - 527*t - 2679. Determine v(-99).
489
Let p(x) = -2148*x - 15021. What is p(-7)?
15
Let u(i) = -2*i**2 - 189*i - 3267. Give u(-47).
1198
Let j(x) = 4977*x + 14946. Determine j(-3).
15
Let s(q) = -8*q**2 - 64724*q + 259026. What is s(4)?
2
Let i(n) = n**2 - 76*n - 3461. Determine i(-32).
-5
Let a(h) = -33*h - 244. Calculate a(-4).
-112
Let q(j) = 4*j**3 - 89*j**2 + 253*j - 105. Give q(19).
9
Let p(s) = 4676*s**2 + 14056*s + 2. Give p(-3).
-82
Let g(y) = y**3 + 46*y**2 + 343*y + 359. What is g(-37)?
-11
Let p(w) = 2*w**3 + 21*w**2 - 20*w + 269. What is p(-12)?
77
Let q(p) = -217*p - 19470. What is q(-87)?
-591
Let y(x) = x**3 + 93*x**2 - 694*x - 126. Give y(7).
-84
Let z(x) = 131*x**2 + 937*x - 231. Determine z(-7).
-371
Let d(s) = s**3 + 32*s**2 + 390*s + 9898. Determine d(-30).
-2
Let v(s) = -153306*s - 459914. Give v(-3).
4
Let n(o) = -407*o - 6052. Calculate n(-14).
-354
Let v(c) = c**3 + 44*c**2 + 272*c + 9900. Give v(-43).
53
Let p(c) = -4146*c + 21034. Calculate p(5).
304
Let n(d) = 28975*d - 550534. Calculate n(19).
-9
Let f(n) = 3*n**3 - 89*n**2 - 17*n - 364. Calculate f(30).
26
Let q(n) = 712757*n - 7127559. Determine q(10).
11
Let q(d) = -27*d**2 - 694*d + 1008. Give q(-27).
63
Let